{"id":14550,"date":"2018-04-11T18:17:38","date_gmt":"2018-04-11T21:17:38","guid":{"rendered":"http:\/\/www.escolareiarthur.com.br\/site\/?page_id=14550"},"modified":"2025-09-04T15:18:06","modified_gmt":"2025-09-04T18:18:06","slug":"maternal-i-rotina-projeto","status":"publish","type":"page","link":"http:\/\/www.escolareiarthur.com.br\/site\/turmas\/maternal-i-rotina-projeto\/","title":{"rendered":"Maternal I \u2013 Rotina &#038; Projeto"},"content":{"rendered":"<div id=\"fb-root\"><\/div>\n\n<h1 class=\"wp-block-heading\">Projeto Maternal I<\/h1>\n\n\n\n<div class=\"wp-block-columns is-layout-flex wp-container-core-columns-is-layout-9d6595d7 wp-block-columns-is-layout-flex\">\n<div class=\"wp-block-column is-layout-flow wp-block-column-is-layout-flow\" style=\"flex-basis:33.33%\">\n<h3 class=\"wp-block-heading\"><\/h3>\n\n\n\n<p>\u201cConhecendo Nossa Tradi\u00e7\u00e3o&#8221;<\/p>\n\n\n\n<p>Per\u00edodo de Dura\u00e7\u00e3o: SETEMBRO<br>Turma: Maternal l<br>PROFESSORA:<br>ALINE <\/p>\n\n\n\n<p><\/p>\n\n\n\n<hr class=\"wp-block-separator has-css-opacity\"\/>\n\n\n\n<div class=\"wp-block-buttons is-content-justification-center is-layout-flex wp-container-core-buttons-is-layout-16018d1d wp-block-buttons-is-layout-flex\">\n<div class=\"wp-block-button\"><a class=\"wp-block-button__link wp-element-button\" href=\"http:\/\/www.escolareiarthur.com.br\/site\/cardapio\/cardapio-geral\/\">CARD\u00c1PIO<\/a><\/div>\n<\/div>\n<\/div>\n\n\n\n<div class=\"wp-block-column is-vertically-aligned-bottom is-layout-flow wp-block-column-is-layout-flow\" style=\"flex-basis:66.66%\">\n<p><\/p>\n\n\n\n<p><strong>Justificativa:<\/strong><\/p>\n\n\n\n<p>Mesmo sendo muito pequenos, os alunos do Maternal 1 est\u00e3o em uma fase importante de desenvolvimento social, afetivo e cognitivo. Por isso, \u00e9 fundamental que desde cedo sejam inseridos em experi\u00eancias que valorizem a cultura, a identidade e os s\u00edmbolos nacionais e estaduais respeitando suas capacidades e interesses.<br>O projeto sobre a Independ\u00eancia do Brasil e revolu\u00e7\u00e3o farroupilha tem como objetivo introduzir, de forma l\u00fadica e sensorial, elementos das hist\u00f3rias e das culturas brasileira e ga\u00facha, despertando nas crian\u00e7as o sentimento de pertencimento e reconhecimento de sua identidade como cidad\u00e3os brasileiros\/ga\u00fachos.<br>Atrav\u00e9s de brincadeiras, m\u00fasicas, conta\u00e7\u00e3o de hist\u00f3rias, atividades art\u00edsticas e explora\u00e7\u00f5es sensoriais, os pequenos ter\u00e3o a oportunidade de vivenciar a tem\u00e1tica de maneira prazerosa e significativa. Assim, contribu\u00edmos para a forma\u00e7\u00e3o de uma base s\u00f3lida para o entendimento do mundo ao seu redor e para o desenvolvimento de valores como respeito, coopera\u00e7\u00e3o e amor pelap\u00e1tria.<br><\/p>\n\n\n\n<p><strong>Objetivo Geral:<\/strong><br>Proporcionar viv\u00eancias l\u00fadicas e significativas que possibilitem o primeiro<br>contato com a cultura, os s\u00edmbolos e os valores ligados \u00e0 estes eventos,<br>promovendo o senso de pertencimento, identidade e respeito \u00e0 hist\u00f3ria do pa\u00eds<br>e estado, de acordo com sua faixa et\u00e1ria e n\u00edvel de desenvolvimento.<\/p>\n\n\n\n<p><strong>OBJETIVO ESPEC\u00cdFICO <\/strong><\/p>\n\n\n\n<ul class=\"wp-block-list\">\n<li>Trabalhar a cultura do estado e pa\u00eds de uma maneira l\u00fadica;<\/li>\n\n\n\n<li>Estimular a oralidade e coordena\u00e7\u00e3o motora;<\/li>\n\n\n\n<li>Trabalhar a identidade, o pertencimento e as tradi\u00e7\u00f5es culturais de forma<br>l\u00fadica.<\/li>\n<\/ul>\n\n\n\n<p><strong>Desenvolvimento:<\/strong><\/p>\n\n\n\n<ul class=\"wp-block-list\">\n<li>Brincadeiras e cantigas populares locais;<\/li>\n\n\n\n<li>Confec\u00e7\u00e3o de s\u00edmbolos como, bandeiras etc.<\/li>\n\n\n\n<li>Conta\u00e7\u00e3o de hist\u00f3rias relacionados ao tema e de hist\u00f3rias locais.<br>Culmin\u00e2ncia:<br>Ser\u00e1 feito um grande painel com as cores do rio grande do Sul para ficar<br>exposto em sala de aula<\/li>\n\n\n\n<li><\/li>\n<\/ul>\n\n\n\n<p><strong>Avalia\u00e7\u00e3o:<\/strong><br>Ser\u00e1 cont\u00ednua, atrav\u00e9s da observa\u00e7\u00e3o di\u00e1ria doa alunos,<br>observando o empenho e desempenho de cada um, bem como a<br>forma de relacionar-se com os colegas e professora. A avalia\u00e7\u00e3o<br>ser\u00e1 individual e coletiva, individual respeitando as particularidades<br>de cada aluno e coletiva no envolvimento com o grupo.<\/p>\n\n\n\n<p><\/p>\n\n\n\n<p><\/p>\n\n\n\n<p><\/p>\n\n\n\n<p><\/p>\n\n\n\n<p><\/p>\n<\/div>\n<\/div>\n\n\n<div class=\"row\">\n<div class=\"span12\"><table class=\"table table-bordered table-striped\"><thead><tr><th>Segunda-feira<\/th><th>Ter\u00e7a-feira<\/th><th>Quarta-feira<\/th><th>Quinta-feira<\/th><th>Sexta-feira<\/th><\/tr><\/thead><tbody><tr><td>\nDIA DO JOGO<br \/>\n\nAULA DE INGLES<br \/>\n<td>\n\nDIA DE CAPOEIRA<br \/>\n<td>\n\nDIA DO LIVRO<br \/>\n<td>\n\n* BRINQUEDOTECA<br \/>\nOFICNA L\u00daDICA<br \/>\n<td>\n* DIA DO LANCHE COLETIVO (frutas)<br \/>\n* DIA DO BRINQUEDO<br \/>\n* DIA DE AULA DE RITMOS<br \/>\n<\/tr><\/tbody><\/table><!-- table (end) --><\/div>\n<\/div><!-- .row (end) -->\n\n\n\n<p><strong><br><\/strong><\/p>\n","protected":false},"excerpt":{"rendered":"<p>Projeto Maternal I \u201cConhecendo Nossa Tradi\u00e7\u00e3o&#8221; Per\u00edodo de Dura\u00e7\u00e3o: SETEMBROTurma: Maternal lPROFESSORA:ALINE Justificativa: Mesmo sendo muito pequenos, os alunos do Maternal 1 est\u00e3o em uma fase importante de desenvolvimento social, afetivo e cognitivo. Por isso, \u00e9 fundamental que desde cedo sejam inseridos em experi\u00eancias que valorizem a cultura, a identidade e os s\u00edmbolos nacionais e estaduais respeitando suas capacidades e&nbsp;<a href=\"http:\/\/www.escolareiarthur.com.br\/site\/turmas\/maternal-i-rotina-projeto\/\" class=\"read-more\">Continue Reading<\/a><\/p>\n","protected":false},"author":8,"featured_media":0,"parent":2627,"menu_order":0,"comment_status":"closed","ping_status":"closed","template":"page-fullwidth.php","meta":{"_exactmetrics_skip_tracking":false,"_exactmetrics_sitenote_active":false,"_exactmetrics_sitenote_note":"","_exactmetrics_sitenote_category":0,"footnotes":""},"class_list":["post-14550","page","type-page","status-publish","hentry"],"_links":{"self":[{"href":"http:\/\/www.escolareiarthur.com.br\/site\/wp-json\/wp\/v2\/pages\/14550","targetHints":{"allow":["GET"]}}],"collection":[{"href":"http:\/\/www.escolareiarthur.com.br\/site\/wp-json\/wp\/v2\/pages"}],"about":[{"href":"http:\/\/www.escolareiarthur.com.br\/site\/wp-json\/wp\/v2\/types\/page"}],"author":[{"embeddable":true,"href":"http:\/\/www.escolareiarthur.com.br\/site\/wp-json\/wp\/v2\/users\/8"}],"replies":[{"embeddable":true,"href":"http:\/\/www.escolareiarthur.com.br\/site\/wp-json\/wp\/v2\/comments?post=14550"}],"version-history":[{"count":0,"href":"http:\/\/www.escolareiarthur.com.br\/site\/wp-json\/wp\/v2\/pages\/14550\/revisions"}],"up":[{"embeddable":true,"href":"http:\/\/www.escolareiarthur.com.br\/site\/wp-json\/wp\/v2\/pages\/2627"}],"wp:attachment":[{"href":"http:\/\/www.escolareiarthur.com.br\/site\/wp-json\/wp\/v2\/media?parent=14550"}],"curies":[{"name":"wp","href":"https:\/\/api.w.org\/{rel}","templated":true}]}}