{"id":14551,"date":"2018-04-11T18:22:14","date_gmt":"2018-04-11T21:22:14","guid":{"rendered":"http:\/\/www.escolareiarthur.com.br\/site\/?page_id=14551"},"modified":"2025-09-04T15:29:38","modified_gmt":"2025-09-04T18:29:38","slug":"maternal-ii-rotina-projeto","status":"publish","type":"page","link":"http:\/\/www.escolareiarthur.com.br\/site\/turmas\/maternal-ii-rotina-projeto\/","title":{"rendered":"Maternal II &#8211; Rotina &#038; Projeto"},"content":{"rendered":"<div id=\"fb-root\"><\/div>\n\n<h1 class=\"wp-block-heading\">Projeto \u2013 Maternal II<\/h1>\n\n\n\n<div class=\"wp-block-columns is-layout-flex wp-container-core-columns-is-layout-9d6595d7 wp-block-columns-is-layout-flex\">\n<div class=\"wp-block-column is-layout-flow wp-block-column-is-layout-flow\" style=\"flex-basis:33.33%\">\n<h3 class=\"wp-block-heading\">Tema:\u00a0\u201cEu sou ga\u00facho!\u201d<\/h3>\n\n\n\n<p>Per\u00edodo de Dura\u00e7\u00e3o: SETEMBRO <br>Turma: Maternal ll<\/p>\n\n\n\n<p>Professora; Rhayne<\/p>\n\n\n\n<div class=\"wp-block-buttons is-content-justification-center is-layout-flex wp-container-core-buttons-is-layout-16018d1d wp-block-buttons-is-layout-flex\">\n<div class=\"wp-block-button\"><a class=\"wp-block-button__link wp-element-button\" href=\"http:\/\/www.escolareiarthur.com.br\/site\/cardapio\/cardapio-geral\/\">CARD\u00c1PIO<\/a><\/div>\n<\/div>\n<\/div>\n\n\n\n<div class=\"wp-block-column is-layout-flow wp-block-column-is-layout-flow\" style=\"flex-basis:66.66%\">\n<h3 class=\"wp-block-heading\"><\/h3>\n\n\n\n<p><strong>Justificativa:<\/strong> <\/p>\n\n\n\n<p>Justificativa:&nbsp;Este tema foi elaborado devido \u00e0 import\u00e2ncia de contribuir para a compreens\u00e3o do sentido de identidade, valorizando nossas ra\u00edzes e despertando nas crian\u00e7as de uma forma l\u00fadica e prazerosa, o gosto pela tradi\u00e7\u00e3o ga\u00facha.<\/p>\n\n\n\n<p><br><strong>Objetivos Geral ;<\/strong><br>&nbsp;Resgatar a tradi\u00e7\u00e3o ga\u00facha, valorizando nossas ra\u00edzes.<\/p>\n\n\n\n<p><strong>Objetivos espec\u00edficos:<\/strong><\/p>\n\n\n\n<ul class=\"wp-block-list\">\n<li>Desenvolver a linguagem oral, a musicalidade e a criatividade;<br>*Visualizar e interpretar imagens;<br>*Dramatizar hist\u00f3rias;<br>*Promover a socializa\u00e7\u00e3o;<br>*Reconhecer letras, n\u00fameros e quantidades;<\/li>\n<\/ul>\n\n\n\n<p>*Proporcionar atividades l\u00fadicas;<\/p>\n\n\n\n<p>*Conhecer um pouco da cultura Ga\u00facha,<\/p>\n\n\n\n<p><\/p>\n\n\n\n<p><br><strong>Desenvolvimento:<\/strong><br>Di\u00e1logo sobre o nosso estado e nossa cultura;<br>Visualiza\u00e7\u00e3o e descri\u00e7\u00e3o da bandeira do Rio Grande do sul;<br>Confec\u00e7\u00e3o de cartaz com o nosso t\u00edpico chimarr\u00e3o;<br>Pintura, recorte e colagem;   <\/p>\n\n\n\n<p>M\u00fasicas tradicionalista;<br>Conta\u00e7\u00e3o de hist\u00f3rias;<\/p>\n\n\n\n<p>Roda de chimarr\u00e3o;<\/p>\n\n\n\n<p><br><strong>Avalia\u00e7\u00e3o:<\/strong><br>Ser\u00e1 cont\u00ednua,respeitando as particularidades de cada um e no envolvimento com o grupo.<\/p>\n\n\n\n<p><\/p>\n\n\n\n<p><\/p>\n<\/div>\n<\/div>\n\n\n<div class=\"row\">\n<div class=\"span12\"><table class=\"table table-bordered table-striped\"><thead><tr><th>Segunda-feira<\/th><th>Ter\u00e7a-feira<\/th><th>Quarta-feira<\/th><th>Quinta-feira<\/th><th>Sexta-feira<\/th><\/tr><\/thead><tbody><tr><td>\nDIA DO JOGO<br \/>\n\nAULA DE INGLES<br \/>\n<td>\n\nDIA DE CAPOEIRA<br \/>\n<td>\n\nDIA DO LIVRO<br \/>\nAULA DE BALLET<br \/>\n<td>\n\n* BRINQUEDOTECA<br \/>\n* OFICINA L\u00daDICA<br \/>\n<td>\n* DIA DO LANCHE COLETIVO (frutas)<br \/>\n* DIA DO BRINQUEDO<br \/>\n* DIA DE AULA DE RITMOS<br \/>\n<\/tr><\/tbody><\/table><!-- table (end) --><\/div>\n<\/div><!-- .row (end) -->\n\n\n\n<p><\/p>\n","protected":false},"excerpt":{"rendered":"<p>Projeto \u2013 Maternal II Tema:\u00a0\u201cEu sou ga\u00facho!\u201d Per\u00edodo de Dura\u00e7\u00e3o: SETEMBRO Turma: Maternal ll Professora; Rhayne Justificativa: Justificativa:&nbsp;Este tema foi elaborado devido \u00e0 import\u00e2ncia de contribuir para a compreens\u00e3o do sentido de identidade, valorizando nossas ra\u00edzes e despertando nas crian\u00e7as de uma forma l\u00fadica e prazerosa, o gosto pela tradi\u00e7\u00e3o ga\u00facha. Objetivos Geral ;&nbsp;Resgatar a tradi\u00e7\u00e3o ga\u00facha, valorizando nossas ra\u00edzes.&nbsp;<a href=\"http:\/\/www.escolareiarthur.com.br\/site\/turmas\/maternal-ii-rotina-projeto\/\" class=\"read-more\">Continue Reading<\/a><\/p>\n","protected":false},"author":8,"featured_media":0,"parent":2627,"menu_order":0,"comment_status":"closed","ping_status":"closed","template":"page-fullwidth.php","meta":{"_exactmetrics_skip_tracking":false,"_exactmetrics_sitenote_active":false,"_exactmetrics_sitenote_note":"","_exactmetrics_sitenote_category":0,"footnotes":""},"class_list":["post-14551","page","type-page","status-publish","hentry"],"_links":{"self":[{"href":"http:\/\/www.escolareiarthur.com.br\/site\/wp-json\/wp\/v2\/pages\/14551","targetHints":{"allow":["GET"]}}],"collection":[{"href":"http:\/\/www.escolareiarthur.com.br\/site\/wp-json\/wp\/v2\/pages"}],"about":[{"href":"http:\/\/www.escolareiarthur.com.br\/site\/wp-json\/wp\/v2\/types\/page"}],"author":[{"embeddable":true,"href":"http:\/\/www.escolareiarthur.com.br\/site\/wp-json\/wp\/v2\/users\/8"}],"replies":[{"embeddable":true,"href":"http:\/\/www.escolareiarthur.com.br\/site\/wp-json\/wp\/v2\/comments?post=14551"}],"version-history":[{"count":0,"href":"http:\/\/www.escolareiarthur.com.br\/site\/wp-json\/wp\/v2\/pages\/14551\/revisions"}],"up":[{"embeddable":true,"href":"http:\/\/www.escolareiarthur.com.br\/site\/wp-json\/wp\/v2\/pages\/2627"}],"wp:attachment":[{"href":"http:\/\/www.escolareiarthur.com.br\/site\/wp-json\/wp\/v2\/media?parent=14551"}],"curies":[{"name":"wp","href":"https:\/\/api.w.org\/{rel}","templated":true}]}}