{"id":3098,"date":"2014-03-22T10:32:55","date_gmt":"2014-03-22T13:32:55","guid":{"rendered":"http:\/\/www.escolareiarthur.com.br\/site\/?page_id=3098"},"modified":"2021-07-06T17:13:00","modified_gmt":"2021-07-06T20:13:00","slug":"a-escola","status":"publish","type":"page","link":"http:\/\/www.escolareiarthur.com.br\/site\/a-escola\/","title":{"rendered":"A Escola"},"content":{"rendered":"<div id=\"fb-root\"><\/div>\n\n<div class=\"wp-block-columns is-layout-flex wp-container-core-columns-is-layout-9d6595d7 wp-block-columns-is-layout-flex\">\n<div class=\"wp-block-column is-layout-flow wp-block-column-is-layout-flow\" style=\"flex-basis:66.66%\">\n<h1>Hist\u00f3ria<\/h1>\n<p>Em 1983, come\u00e7a a hist\u00f3ria da Rei Arthur, mas que ainda n\u00e3o sabia que esse seria seu nome, foi quando a atual diretora da escola, Rose Mari Noschang comprou sua primeira escola que se chamava \u201cEst\u00e2ncia do Pi\u00e1\u201d situada na rua Luiz Afonso, por\u00e9m no ano de 1988 precisou vender a escola, pois havia passado no concurso p\u00fablico. No entanto, 15 anos depois com um sentimento de miss\u00e3o a cumprir procurou uma nova escola para comprar e surpreendentemente encontrou uma na rua Luiz Afonso, logo sentiu que essa escola tinha que ser sua. Assim, surgiu a Rei Arthur.<\/p>\n<p><\/p>\n\n\n\n<div class=\"wp-block-image\"><figure class=\"aligncenter size-large\"><img loading=\"lazy\" decoding=\"async\" width=\"434\" height=\"500\" src=\"http:\/\/www.escolareiarthur.com.br\/site\/wp-content\/uploads\/2021\/05\/logo-correto.png\" alt=\"\" class=\"wp-image-16976\" srcset=\"http:\/\/www.escolareiarthur.com.br\/site\/wp-content\/uploads\/2021\/05\/logo-correto.png 434w, http:\/\/www.escolareiarthur.com.br\/site\/wp-content\/uploads\/2021\/05\/logo-correto-260x300.png 260w\" sizes=\"auto, (max-width: 434px) 100vw, 434px\" \/><\/figure><\/div>\n<\/div>\n\n\n\n<div class=\"wp-block-column is-layout-flow wp-block-column-is-layout-flow\" style=\"flex-basis:33.33%\">\n<h1>Miss\u00e3o<\/h1>\n<ul>\n<li>Valorizar o ser atrav\u00e9s de valores, a\u00e7\u00f5es e muito l\u00fadico, respeitando seres humanos, animais e meio ambiente. Ensinando para o hoje e amanh\u00e3!<br>\n<hr><\/li>\n<\/ul>\n<h1>Vis\u00e3o<\/h1>\n<ul>\n<li>Proporcionar o desenvolvimento total da crian\u00e7a em um ambiente acolhedor e estimulante.<br>\n<hr><\/li>\n<\/ul>\n<h1>Valores<\/h1>\n<ul>\n<li>Respeito<\/li>\n<li>Desenvolvimento<\/li>\n<li>Coopera\u00e7\u00e3o<\/li>\n<li>Conscientiza\u00e7\u00e3o<br>\n<hr><\/li>\n<\/ul>\n<h1>Objetivos<\/h1>\n<ul>\n<li>Desenvolver o ser<\/li>\n<li>Respeitar o meio ambiente<\/li>\n<li>Aprender brincando<br>\n<hr><\/li>\n<\/ul>\n<h1>Diferenciais<\/h1>\n<ul>\n<li><strong>Credenciada pelo Conselho Municipal de Educa\u00e7\u00e3o<\/strong><\/li>\n<li><strong>Ambiente climatizado<\/strong><\/li>\n<li><strong>Portaria de seguran\u00e7a 12 horas<\/strong><\/li>\n<li>P\u00e1tio amplo e arborizado<\/li>\n<li>P\u00e1tio de areia<\/li>\n<li>P\u00e1tio de grama sint\u00e9tica<\/li>\n<li><strong>Circuito interno e on-line de c\u00e2meras<\/strong><\/li>\n<li>Playgrounds e brinquedos por faixa-et\u00e1ria<\/li>\n<li>P\u00e1tio diferenciado para Ber\u00e7\u00e1rio<\/li>\n<li>Hor\u00e1rio diferenciado: 7h \u00e0s 19h00min<\/li>\n<li>Brinquedoteca<\/li>\n<li>Biblioteca<\/li>\n<li>Salas tem\u00e1ticas<\/li>\n<li>Horta<br>\n<hr><\/li>\n<\/ul>\n<\/div>\n<\/div>\n\n\n\n<p><\/p>\n","protected":false},"excerpt":{"rendered":"<p>Hist\u00f3ria Em 1983, come\u00e7a a hist\u00f3ria da Rei Arthur, mas que ainda n\u00e3o sabia que esse seria seu nome, foi quando a atual diretora da escola, Rose Mari Noschang comprou sua primeira escola que se chamava \u201cEst\u00e2ncia do Pi\u00e1\u201d situada na rua Luiz Afonso, por\u00e9m no ano de 1988 precisou vender a escola, pois havia passado no concurso p\u00fablico. No&nbsp;<a href=\"http:\/\/www.escolareiarthur.com.br\/site\/a-escola\/\" class=\"read-more\">Continue Reading<\/a><\/p>\n","protected":false},"author":8,"featured_media":0,"parent":0,"menu_order":0,"comment_status":"open","ping_status":"open","template":"page-fullwidth.php","meta":{"_exactmetrics_skip_tracking":false,"_exactmetrics_sitenote_active":false,"_exactmetrics_sitenote_note":"","_exactmetrics_sitenote_category":0,"footnotes":""},"class_list":["post-3098","page","type-page","status-publish","hentry"],"_links":{"self":[{"href":"http:\/\/www.escolareiarthur.com.br\/site\/wp-json\/wp\/v2\/pages\/3098","targetHints":{"allow":["GET"]}}],"collection":[{"href":"http:\/\/www.escolareiarthur.com.br\/site\/wp-json\/wp\/v2\/pages"}],"about":[{"href":"http:\/\/www.escolareiarthur.com.br\/site\/wp-json\/wp\/v2\/types\/page"}],"author":[{"embeddable":true,"href":"http:\/\/www.escolareiarthur.com.br\/site\/wp-json\/wp\/v2\/users\/8"}],"replies":[{"embeddable":true,"href":"http:\/\/www.escolareiarthur.com.br\/site\/wp-json\/wp\/v2\/comments?post=3098"}],"version-history":[{"count":0,"href":"http:\/\/www.escolareiarthur.com.br\/site\/wp-json\/wp\/v2\/pages\/3098\/revisions"}],"wp:attachment":[{"href":"http:\/\/www.escolareiarthur.com.br\/site\/wp-json\/wp\/v2\/media?parent=3098"}],"curies":[{"name":"wp","href":"https:\/\/api.w.org\/{rel}","templated":true}]}}