{"id":3215,"date":"2014-03-22T19:21:47","date_gmt":"2014-03-22T22:21:47","guid":{"rendered":"http:\/\/www.escolareiarthur.com.br\/site\/?page_id=3215"},"modified":"2024-04-04T17:26:11","modified_gmt":"2024-04-04T20:26:11","slug":"aulas","status":"publish","type":"page","link":"http:\/\/www.escolareiarthur.com.br\/site\/aulas\/","title":{"rendered":"Aulas Especializadas"},"content":{"rendered":"<div id=\"fb-root\"><\/div>\n\n<div class=\"wp-block-columns is-layout-flex wp-container-core-columns-is-layout-9d6595d7 wp-block-columns-is-layout-flex\">\n<div class=\"wp-block-column is-layout-flow wp-block-column-is-layout-flow\" style=\"flex-basis:33.33%\">\n<h1>:: Ballet<\/h1>\n<\/div>\n\n\n\n<div class=\"wp-block-column is-layout-flow wp-block-column-is-layout-flow\" style=\"flex-basis:66.66%\">\n<p>O &#8220;Baby Ballet&#8221; tr\u00e1s in\u00fameros benef\u00edcios \u00e0s crian\u00e7as como o desenvolvimento do sistema motor, da<br>criatividade, do ritmo, o lado l\u00fadico, a sensibilidade e a sociabilidade, libertando-as da timidez, tornando-as mais seguras de si mesmas, al\u00e9m de corrigir problemas de postura corporal.<\/p>\n\n\n\n<figure class=\"wp-block-image size-large is-resized\"><img loading=\"lazy\" decoding=\"async\" src=\"http:\/\/www.escolareiarthur.com.br\/site\/wp-content\/uploads\/2024\/03\/BALLET-1-1024x1024.jpg\" alt=\"\" class=\"wp-image-18106\" width=\"325\" height=\"325\" srcset=\"http:\/\/www.escolareiarthur.com.br\/site\/wp-content\/uploads\/2024\/03\/BALLET-1-1024x1024.jpg 1024w, http:\/\/www.escolareiarthur.com.br\/site\/wp-content\/uploads\/2024\/03\/BALLET-1-300x300.jpg 300w, http:\/\/www.escolareiarthur.com.br\/site\/wp-content\/uploads\/2024\/03\/BALLET-1-150x150.jpg 150w, http:\/\/www.escolareiarthur.com.br\/site\/wp-content\/uploads\/2024\/03\/BALLET-1-768x768.jpg 768w, http:\/\/www.escolareiarthur.com.br\/site\/wp-content\/uploads\/2024\/03\/BALLET-1.jpg 1080w\" sizes=\"auto, (max-width: 325px) 100vw, 325px\" \/><\/figure>\n<\/div>\n<\/div>\n\n\n\n<figure class=\"wp-block-image size-large is-resized is-style-rounded\"><img loading=\"lazy\" decoding=\"async\" src=\"http:\/\/www.escolareiarthur.com.br\/site\/wp-content\/uploads\/2024\/03\/BALLET.jpg\" alt=\"\" class=\"wp-image-18107\" width=\"500\" height=\"375\" srcset=\"http:\/\/www.escolareiarthur.com.br\/site\/wp-content\/uploads\/2024\/03\/BALLET.jpg 720w, http:\/\/www.escolareiarthur.com.br\/site\/wp-content\/uploads\/2024\/03\/BALLET-300x225.jpg 300w\" sizes=\"auto, (max-width: 500px) 100vw, 500px\" \/><\/figure>\n\n\n\n<hr class=\"wp-block-separator\"\/>\n\n\n\n<div class=\"wp-block-columns is-layout-flex wp-container-core-columns-is-layout-9d6595d7 wp-block-columns-is-layout-flex\">\n<div class=\"wp-block-column is-layout-flow wp-block-column-is-layout-flow\" style=\"flex-basis:33.33%\">\n<h1>::&nbsp;Capoeira<\/h1>\n<\/div>\n\n\n\n<div class=\"wp-block-column is-layout-flow wp-block-column-is-layout-flow\" style=\"flex-basis:66.66%\">\n<p>Os primeiros 06 anos de vida da crian\u00e7a s\u00e3o decisivos para desenvolver as suas habilidades l\u00f3gicas, musicais comunicativas, emocionais, motora e de convivio social. A capoeira \u00e9 uma atividade que abrange a todas essas necessidades, pois possui o objtivo concreto que atuam no processo de evolu\u00e7\u00e3o do movimento da crian\u00e7a. Atrav\u00e9s dessa id\u00e9ia, a entidade vem desenvolvendo o Projeto \u201cBrincando de Capoeira\u201d, um trabalho s\u00e9rio e com objetivos bem definidos.<\/p>\n<p>A Capoeira Angola como terapia, folclore, arte e patrim\u00f4nio Cultural \u00e9 rica dentro das suas viv\u00eancias educativas da cultura popular,usada como instrumento de aux\u00edlio para a pr\u00e1tica pedag\u00f3gica, desenvolvendo assim os dom\u00ednios da aprendizagem do ser humano: Psicomotor, afetivosocial e cognitivo.<\/p>\n<p>As aulas que desenvolvo com a educa\u00e7\u00e3o infantil trabalha a Capoeira educativa,que pensa a crian\u00e7a como um ser integral capaz de construir o seu pr\u00f3prio conhecimento em um ambiente rico de possibilidades cognitivas em desafios. Onde a crian\u00e7a de uma forma l\u00fadica elabora a sua pr\u00f3pria interpreta\u00e7\u00e3o da capoeira.<\/p>\n<p>Espa\u00e7o esse que prioriza o conhecimento atrav\u00e9s da afetividade.<\/p>\n<h5><em><strong>BENEF\u00cdCIOS DA PR\u00c1TICA DA CAPOEIRA ANGOLA<\/strong><\/em><\/h5>\n<ul>\n<li>afetividade<\/li>\n<li>coordena\u00e7\u00e3o motora<\/li>\n<li>criatividade<\/li>\n<li>disciplina<\/li>\n<li>percep\u00e7\u00e3o corporal<\/li>\n<li>flexibilidade<\/li>\n<li>concentra\u00e7\u00e3o<\/li>\n<li>ritmo<\/li>\n<li>equil\u00edbrio<\/li>\n<li>no\u00e7\u00e3o espa\u00e7o temporal<\/li>\n<li>coletividade<\/li>\n<li>for\u00e7a<\/li>\n<li>musicalidade<\/li>\n<li>lateralidade<\/li>\n<li>autonomia e independ\u00eancia.<\/li>\n<\/ul>\n<h5><strong><em>RODA DE CAPOEIRA ANGOLA<\/em><\/strong><\/h5>\n<ul>\n<li>Musicalidade (canto e viv\u00eancia com os instrumentos)<\/li>\n<li>Dan\u00e7a (ginga e liberdade de movimentos)<\/li>\n<li>Teatro ( jogos express\u00e3o corporal)<\/li>\n<\/ul>\n<h5><strong><em>CANTAR, BATER PALMAS E JOGAR<\/em><\/strong><\/h5>\n<ul>\n<li>Trabalha as quest\u00f5es emocionais e a eleva\u00e7\u00e3o da auto estima,<\/li>\n<li>Aumenta a participa\u00e7\u00e3o coletiva,<\/li>\n<li>Melhora a quest\u00e3o ling\u00fc\u00edstica,<\/li>\n<li>Resgata a cultura Brasileira atrav\u00e9s das letras das can\u00e7\u00f5es.<\/li>\n<\/ul>\n\n\n\n<p><\/p>\n<\/div>\n<\/div>\n\n\n\n<figure class=\"wp-block-image size-large is-resized is-style-rounded\"><img loading=\"lazy\" decoding=\"async\" src=\"http:\/\/www.escolareiarthur.com.br\/site\/wp-content\/uploads\/2024\/03\/capoeira-1-1024x576.jpg\" alt=\"\" class=\"wp-image-18110\" width=\"510\" height=\"287\" srcset=\"http:\/\/www.escolareiarthur.com.br\/site\/wp-content\/uploads\/2024\/03\/capoeira-1-1024x576.jpg 1024w, http:\/\/www.escolareiarthur.com.br\/site\/wp-content\/uploads\/2024\/03\/capoeira-1-300x169.jpg 300w, http:\/\/www.escolareiarthur.com.br\/site\/wp-content\/uploads\/2024\/03\/capoeira-1-768x432.jpg 768w, http:\/\/www.escolareiarthur.com.br\/site\/wp-content\/uploads\/2024\/03\/capoeira-1-1536x864.jpg 1536w, http:\/\/www.escolareiarthur.com.br\/site\/wp-content\/uploads\/2024\/03\/capoeira-1.jpg 1600w\" sizes=\"auto, (max-width: 510px) 100vw, 510px\" \/><\/figure>\n\n\n\n<hr class=\"wp-block-separator\"\/>\n\n\n\n<div class=\"wp-block-columns is-layout-flex wp-container-core-columns-is-layout-9d6595d7 wp-block-columns-is-layout-flex\">\n<div class=\"wp-block-column is-layout-flow wp-block-column-is-layout-flow\" style=\"flex-basis:33.33%\">\n<h1>:: Ingl\u00eas<\/h1>\n<\/div>\n\n\n\n<div class=\"wp-block-column is-layout-flow wp-block-column-is-layout-flow\" style=\"flex-basis:66.66%\">\n<h2>&nbsp;<\/h2>\n<p><\/p>\n<h4>O ENSINO<\/h4>\n<p>O ensino do idioma ajuda a socializa\u00e7\u00e3o e estimula o gosto pela l\u00edngua inglesa. Al\u00e9m de aprender ingl\u00eas, a crian\u00e7a enriquece suas experi\u00eancias de vida e estimula suas habilidades. Toda esta aprendizagem \u00e9 feita a partir DE LIVROS DE HIST\u00d3RIA, CART\u00d5ES, JOGOS E BRINQUEDOS EDUCATIVOS apresentados de uma forma l\u00fadica atrav\u00e9s de FANTOCHE, JOGOS E MATERIAIS CONCRETOS, pois a crian\u00e7a aprende atrav\u00e9s de um contexto pr\u00f3prio e adequado a cada faixa et\u00e1ria e veremos que \u00e9 assim que nossos alunos aprendem de forma natural.<\/p>\n<h4>A METODOLOGIA&nbsp;<\/h4>\n<p><strong>Metodologia STEM\/STEAM<\/strong> (<em>Science, Tecnology, Enginnering and Mathematics<\/em>): apresenta uma forma de aprendizagem integrada, com base em projetos e que busca a forma\u00e7\u00e3o do indiv\u00edduo em v\u00e1rias \u00e1reas do conhecimento.<br><strong>Abordagens CLIL<\/strong> (<em>Content and Language Integrated Learning<\/em>) # <strong>abordagem<\/strong> metodol\u00f3gica em que a disciplina, ou parte dela, \u00e9 ensinada em uma l\u00edngua estrangeira com o objetivo duplo de aprender o conte\u00fado disciplinar e, ao mesmo tempo, a l\u00edngua estrangeira.<\/p>\n<h4>OS FATORES QUE CONTRINUEM PARA O RESULTADO DA APRENDIZAGEM<\/h4>\n<ul>\n<li>Material did\u00e1tico desenvolvido para o m\u00e9todo;<\/li>\n<li>Interesse pelos resultados do aprendizado com acompanhamento peri\u00f3dico;<\/li>\n<li>M\u00e9todo Gradual \u00c1udio, Oral e Visual adequado \u00e0 faixa et\u00e1ria. Estimula\u00e7\u00e3o da Musicalidade e dos diferentes Campos de Experi\u00eancia;<\/li>\n<li>Desenvolvimento das diferentes habilidades necess\u00e1rias para cada n\u00edvel. Ex.: Percep\u00e7\u00e3o, Coordena\u00e7\u00e3o Motora, etc.<\/li>\n<\/ul>\n<\/div>\n<\/div>\n\n\n\n<hr class=\"wp-block-separator\"\/>\n\n\n\n<div class=\"wp-block-columns is-layout-flex wp-container-core-columns-is-layout-9d6595d7 wp-block-columns-is-layout-flex\">\n<div class=\"wp-block-column is-layout-flow wp-block-column-is-layout-flow\" style=\"flex-basis:33.33%\">\n<h1>::&nbsp;M\u00fasica<\/h1>\n<\/div>\n\n\n\n<div class=\"wp-block-column is-layout-flow wp-block-column-is-layout-flow\" style=\"flex-basis:66.66%\">\n<p>A m\u00fasica na educa\u00e7\u00e3o infantil tem como objetivo auxiliar a crian\u00e7a em seu desenvolvimento social, emocional, motor e cognitivo, al\u00e9m de preparar seu senso r\u00edtmico e mel\u00f3dico. Isso possibilita o desenvolvimento de uma aprecia\u00e7\u00e3o mais ativa, ampliando seu repert\u00f3rio musical e lhe trazendo mais desenvoltura para as manifesta\u00e7\u00f5es art\u00edsticas.<\/p>\n<p>PROFESSORA: GABRIELA&nbsp;<\/p>\n\n\n\n<figure class=\"wp-block-image size-large is-resized\"><img loading=\"lazy\" decoding=\"async\" src=\"http:\/\/www.escolareiarthur.com.br\/site\/wp-content\/uploads\/2024\/04\/MUSICA-1024x768.jpg\" alt=\"\" class=\"wp-image-18142\" width=\"309\" height=\"231\" srcset=\"http:\/\/www.escolareiarthur.com.br\/site\/wp-content\/uploads\/2024\/04\/MUSICA-1024x768.jpg 1024w, http:\/\/www.escolareiarthur.com.br\/site\/wp-content\/uploads\/2024\/04\/MUSICA-300x225.jpg 300w, http:\/\/www.escolareiarthur.com.br\/site\/wp-content\/uploads\/2024\/04\/MUSICA-768x576.jpg 768w, http:\/\/www.escolareiarthur.com.br\/site\/wp-content\/uploads\/2024\/04\/MUSICA.jpg 1280w\" sizes=\"auto, (max-width: 309px) 100vw, 309px\" \/><\/figure>\n\n\n\n<figure class=\"wp-block-image size-large is-resized\"><img loading=\"lazy\" decoding=\"async\" src=\"http:\/\/www.escolareiarthur.com.br\/site\/wp-content\/uploads\/2024\/04\/MUSICA-1-1024x576.jpg\" alt=\"\" class=\"wp-image-18143\" width=\"317\" height=\"178\" srcset=\"http:\/\/www.escolareiarthur.com.br\/site\/wp-content\/uploads\/2024\/04\/MUSICA-1-1024x576.jpg 1024w, http:\/\/www.escolareiarthur.com.br\/site\/wp-content\/uploads\/2024\/04\/MUSICA-1-300x169.jpg 300w, http:\/\/www.escolareiarthur.com.br\/site\/wp-content\/uploads\/2024\/04\/MUSICA-1-768x432.jpg 768w, http:\/\/www.escolareiarthur.com.br\/site\/wp-content\/uploads\/2024\/04\/MUSICA-1.jpg 1280w\" sizes=\"auto, (max-width: 317px) 100vw, 317px\" \/><\/figure>\n<\/div>\n<\/div>\n\n\n\n<div class=\"wp-block-group\"><div class=\"wp-block-group__inner-container is-layout-flow wp-block-group-is-layout-flow\">\n<h1 class=\"has-text-align-left wp-block-heading\">AULA DE RITMOS :<\/h1>\n<\/div><\/div>\n\n\n\n<ul class=\"wp-block-list\"><li>Qual objetivo de trabalhar ritmo na educa\u00e7\u00e3o infantil?<\/li><\/ul>\n\n\n\n<p>O papel da m\u00fasica na educa\u00e7\u00e3o infantil \u00e9 muito maior que apenas entreter a crian\u00e7ada. A m\u00fasica para crian\u00e7as&nbsp;trabalha a coordena\u00e7\u00e3o motora, estimula habilidades essenciais para a educa\u00e7\u00e3o socioemocional, auxilia a percep\u00e7\u00e3o sonora e at\u00e9 mesmo a alfabetiza\u00e7\u00e3o infantil<\/p>\n\n\n\n<ul class=\"wp-block-list\"><li>PROFESSOR : BINHO <\/li><\/ul>\n\n\n\n<p><\/p>\n","protected":false},"excerpt":{"rendered":"<p>:: Ballet O &#8220;Baby Ballet&#8221; tr\u00e1s in\u00fameros benef\u00edcios \u00e0s crian\u00e7as como o desenvolvimento do sistema motor, dacriatividade, do ritmo, o lado l\u00fadico, a sensibilidade e a sociabilidade, libertando-as da timidez, tornando-as mais seguras de si mesmas, al\u00e9m de corrigir problemas de postura corporal. ::&nbsp;Capoeira Os primeiros 06 anos de vida da crian\u00e7a s\u00e3o decisivos para desenvolver as suas habilidades l\u00f3gicas,&nbsp;<a href=\"http:\/\/www.escolareiarthur.com.br\/site\/aulas\/\" class=\"read-more\">Continue Reading<\/a><\/p>\n","protected":false},"author":8,"featured_media":0,"parent":0,"menu_order":0,"comment_status":"open","ping_status":"open","template":"page-fullwidth.php","meta":{"_exactmetrics_skip_tracking":false,"_exactmetrics_sitenote_active":false,"_exactmetrics_sitenote_note":"","_exactmetrics_sitenote_category":0,"footnotes":""},"class_list":["post-3215","page","type-page","status-publish","hentry"],"_links":{"self":[{"href":"http:\/\/www.escolareiarthur.com.br\/site\/wp-json\/wp\/v2\/pages\/3215","targetHints":{"allow":["GET"]}}],"collection":[{"href":"http:\/\/www.escolareiarthur.com.br\/site\/wp-json\/wp\/v2\/pages"}],"about":[{"href":"http:\/\/www.escolareiarthur.com.br\/site\/wp-json\/wp\/v2\/types\/page"}],"author":[{"embeddable":true,"href":"http:\/\/www.escolareiarthur.com.br\/site\/wp-json\/wp\/v2\/users\/8"}],"replies":[{"embeddable":true,"href":"http:\/\/www.escolareiarthur.com.br\/site\/wp-json\/wp\/v2\/comments?post=3215"}],"version-history":[{"count":0,"href":"http:\/\/www.escolareiarthur.com.br\/site\/wp-json\/wp\/v2\/pages\/3215\/revisions"}],"wp:attachment":[{"href":"http:\/\/www.escolareiarthur.com.br\/site\/wp-json\/wp\/v2\/media?parent=3215"}],"curies":[{"name":"wp","href":"https:\/\/api.w.org\/{rel}","templated":true}]}}